{"id":84,"date":"2020-05-25T16:19:29","date_gmt":"2020-05-25T16:19:29","guid":{"rendered":"http:\/\/tarpanhof-moorriem.de\/?page_id=84"},"modified":"2020-05-29T20:37:27","modified_gmt":"2020-05-29T18:37:27","slug":"die-rueckzuechtung","status":"publish","type":"page","link":"https:\/\/tarpanhof-moorriem.de\/?page_id=84","title":{"rendered":"Die R\u00fcckz\u00fcchtung"},"content":{"rendered":"\t\t<div data-elementor-type=\"wp-page\" data-elementor-id=\"84\" class=\"elementor elementor-84\">\n\t\t\t\t\t\t\t\t\t<section class=\"elementor-section elementor-top-section elementor-element elementor-element-10b625a elementor-section-boxed elementor-section-height-default elementor-section-height-default\" data-id=\"10b625a\" data-element_type=\"section\" data-settings=\"{&quot;_ha_eqh_enable&quot;:false}\">\n\t\t\t\t\t\t<div class=\"elementor-container elementor-column-gap-default\">\n\t\t\t\t\t<div class=\"elementor-column elementor-col-100 elementor-top-column elementor-element elementor-element-e665198\" data-id=\"e665198\" data-element_type=\"column\">\n\t\t\t<div class=\"elementor-widget-wrap elementor-element-populated\">\n\t\t\t\t\t\t\t\t<div class=\"elementor-element elementor-element-1006e5c elementor-widget elementor-widget-heading\" data-id=\"1006e5c\" data-element_type=\"widget\" data-widget_type=\"heading.default\">\n\t\t\t\t<div class=\"elementor-widget-container\">\n\t\t\t<h2 class=\"elementor-heading-title elementor-size-default\">Die R\u00fcckz\u00fcchtung<\/h2>\t\t<\/div>\n\t\t\t\t<\/div>\n\t\t\t\t\t<\/div>\n\t\t<\/div>\n\t\t\t\t\t\t\t<\/div>\n\t\t<\/section>\n\t\t\t\t<section class=\"elementor-section elementor-top-section elementor-element elementor-element-a3f77ea elementor-section-boxed elementor-section-height-default elementor-section-height-default\" data-id=\"a3f77ea\" data-element_type=\"section\" data-settings=\"{&quot;_ha_eqh_enable&quot;:false}\">\n\t\t\t\t\t\t<div class=\"elementor-container elementor-column-gap-default\">\n\t\t\t\t\t<div class=\"elementor-column elementor-col-100 elementor-top-column elementor-element elementor-element-629bdba\" data-id=\"629bdba\" data-element_type=\"column\">\n\t\t\t<div class=\"elementor-widget-wrap elementor-element-populated\">\n\t\t\t\t\t\t\t\t<div class=\"elementor-element elementor-element-2dceb7d elementor-widget elementor-widget-text-editor\" data-id=\"2dceb7d\" data-element_type=\"widget\" data-widget_type=\"text-editor.default\">\n\t\t\t\t<div class=\"elementor-widget-container\">\n\t\t\t\t\t\t\t<p>Prof. Vetulani, der 1936 an der Universit\u00e4t Posen lehrte, machte es sich zur Lebensaufgabe aus dem Konik, ein Nachfahre des Tarpan, den urspr\u00fcnglichen Tarpan zur\u00fcckzuz\u00fcchten. Die Regierung in Warschau stellte ihm den Forst von Bialowieza zur Verf\u00fcgung, wo er 1927 eine Versuchsherde aufbaute. Er kaufte von den Bauern aus der Umgebung von Bilgoraj, wo Anfang des 19.Jahrhunderts die letzten reinbl\u00fctigen Tarpane standen, 17 Tiere f\u00fcr seine R\u00fcckz\u00fcchtung. An der Spitze standen der Stammhengst &#8220;Treff&#8221; und die Stute &#8220;Czaika&#8221;.<\/p><p>Diese und weitere Tiere der Herde hatten noch die Eigenschaft ihr mausgraues Sommerfell in ein wei\u00dfes Winterfell zu wechseln. 1938 war die Herde auf 72 Tiere angewachsen, von denen nach dem Krieg 19 wieder eingefangen wurden, zum Leidwesen der Tarpanz\u00fcchter: Die Hengste wurden kastriert und die Stuten mit anderen Rassen belegt.<\/p><p>Ein guter Freund unserer Familie, der \u00fcber 50 Jahren eine Tarpanr\u00fcckz\u00fcchtung betrieben hat, konnte 10 Fotos von Prof. Vetulanis Versuchspferden einsehen, wobei es sich um kleine Pferdchen mit einem Stockma\u00df von ca. 120 cm handelte, die sich \u00e4hnelten wie die Hirsche. Leider sind alle Nachfahren in Popielno und im Bialowieza Forst verkreuzt worden. Zur besseren Gebrauchsf\u00e4higkeit f\u00fcr die kleinb\u00e4uerlichen Betriebe, wurde eine Vermischung mit gr\u00f6\u00dferen Rassen vorgenommen.<\/p><p>Daher ist es sehr schwierig, geeignetes Zuchtmaterial zu bekommen.<\/p>\t\t\t\t\t\t<\/div>\n\t\t\t\t<\/div>\n\t\t\t\t\t<\/div>\n\t\t<\/div>\n\t\t\t\t\t\t\t<\/div>\n\t\t<\/section>\n\t\t\t\t\t\t\t<\/div>\n\t\t","protected":false},"excerpt":{"rendered":"<p>Die R\u00fcckz\u00fcchtung Prof. Vetulani, der 1936 an der Universit\u00e4t Posen lehrte, machte es sich zur Lebensaufgabe aus dem Konik, ein Nachfahre des Tarpan, den urspr\u00fcnglichen Tarpan zur\u00fcckzuz\u00fcchten. Die Regierung in Warschau stellte ihm den Forst von Bialowieza zur Verf\u00fcgung, wo er 1927 eine Versuchsherde aufbaute. Er kaufte von den Bauern aus der Umgebung von Bilgoraj, [&hellip;]<\/p>\n","protected":false},"author":1,"featured_media":0,"parent":0,"menu_order":0,"comment_status":"closed","ping_status":"closed","template":"","meta":{"_themeisle_gutenberg_block_has_review":false,"footnotes":""},"yoast_head":"<!-- This site is optimized with the Yoast SEO plugin v21.8.1 - https:\/\/yoast.com\/wordpress\/plugins\/seo\/ -->\n<title>Die R\u00fcckz\u00fcchtung - Tarpanhof Moorriem<\/title>\n<meta name=\"robots\" content=\"index, follow, max-snippet:-1, max-image-preview:large, max-video-preview:-1\" \/>\n<link rel=\"canonical\" href=\"https:\/\/tarpanhof-moorriem.de\/?page_id=84\" \/>\n<meta property=\"og:locale\" content=\"de_DE\" \/>\n<meta property=\"og:type\" content=\"article\" \/>\n<meta property=\"og:title\" content=\"Die R\u00fcckz\u00fcchtung - Tarpanhof Moorriem\" \/>\n<meta property=\"og:description\" content=\"Die R\u00fcckz\u00fcchtung Prof. Vetulani, der 1936 an der Universit\u00e4t Posen lehrte, machte es sich zur Lebensaufgabe aus dem Konik, ein Nachfahre des Tarpan, den urspr\u00fcnglichen Tarpan zur\u00fcckzuz\u00fcchten. Die Regierung in Warschau stellte ihm den Forst von Bialowieza zur Verf\u00fcgung, wo er 1927 eine Versuchsherde aufbaute. Er kaufte von den Bauern aus der Umgebung von Bilgoraj, [&hellip;]\" \/>\n<meta property=\"og:url\" content=\"https:\/\/tarpanhof-moorriem.de\/?page_id=84\" \/>\n<meta property=\"og:site_name\" content=\"Tarpanhof Moorriem\" \/>\n<meta property=\"article:modified_time\" content=\"2020-05-29T18:37:27+00:00\" \/>\n<meta name=\"twitter:card\" content=\"summary_large_image\" \/>\n<meta name=\"twitter:label1\" content=\"Gesch\u00e4tzte Lesezeit\" \/>\n\t<meta name=\"twitter:data1\" content=\"1\u00a0Minute\" \/>\n<script type=\"application\/ld+json\" class=\"yoast-schema-graph\">{\"@context\":\"https:\/\/schema.org\",\"@graph\":[{\"@type\":\"WebPage\",\"@id\":\"https:\/\/tarpanhof-moorriem.de\/?page_id=84\",\"url\":\"https:\/\/tarpanhof-moorriem.de\/?page_id=84\",\"name\":\"Die R\u00fcckz\u00fcchtung - Tarpanhof Moorriem\",\"isPartOf\":{\"@id\":\"https:\/\/tarpanhof-moorriem.de\/#website\"},\"datePublished\":\"2020-05-25T16:19:29+00:00\",\"dateModified\":\"2020-05-29T18:37:27+00:00\",\"breadcrumb\":{\"@id\":\"https:\/\/tarpanhof-moorriem.de\/?page_id=84#breadcrumb\"},\"inLanguage\":\"de\",\"potentialAction\":[{\"@type\":\"ReadAction\",\"target\":[\"https:\/\/tarpanhof-moorriem.de\/?page_id=84\"]}]},{\"@type\":\"BreadcrumbList\",\"@id\":\"https:\/\/tarpanhof-moorriem.de\/?page_id=84#breadcrumb\",\"itemListElement\":[{\"@type\":\"ListItem\",\"position\":1,\"name\":\"Startseite\",\"item\":\"https:\/\/tarpanhof-moorriem.de\/\"},{\"@type\":\"ListItem\",\"position\":2,\"name\":\"Die R\u00fcckz\u00fcchtung\"}]},{\"@type\":\"WebSite\",\"@id\":\"https:\/\/tarpanhof-moorriem.de\/#website\",\"url\":\"https:\/\/tarpanhof-moorriem.de\/\",\"name\":\"Tarpanhof Moorriem\",\"description\":\"Ihr Anprechpartner f\u00fcr die Tarpanzucht und -haltung!\",\"potentialAction\":[{\"@type\":\"SearchAction\",\"target\":{\"@type\":\"EntryPoint\",\"urlTemplate\":\"https:\/\/tarpanhof-moorriem.de\/?s={search_term_string}\"},\"query-input\":\"required name=search_term_string\"}],\"inLanguage\":\"de\"}]}<\/script>\n<!-- \/ Yoast SEO plugin. -->","yoast_head_json":{"title":"Die R\u00fcckz\u00fcchtung - Tarpanhof Moorriem","robots":{"index":"index","follow":"follow","max-snippet":"max-snippet:-1","max-image-preview":"max-image-preview:large","max-video-preview":"max-video-preview:-1"},"canonical":"https:\/\/tarpanhof-moorriem.de\/?page_id=84","og_locale":"de_DE","og_type":"article","og_title":"Die R\u00fcckz\u00fcchtung - Tarpanhof Moorriem","og_description":"Die R\u00fcckz\u00fcchtung Prof. Vetulani, der 1936 an der Universit\u00e4t Posen lehrte, machte es sich zur Lebensaufgabe aus dem Konik, ein Nachfahre des Tarpan, den urspr\u00fcnglichen Tarpan zur\u00fcckzuz\u00fcchten. Die Regierung in Warschau stellte ihm den Forst von Bialowieza zur Verf\u00fcgung, wo er 1927 eine Versuchsherde aufbaute. Er kaufte von den Bauern aus der Umgebung von Bilgoraj, [&hellip;]","og_url":"https:\/\/tarpanhof-moorriem.de\/?page_id=84","og_site_name":"Tarpanhof Moorriem","article_modified_time":"2020-05-29T18:37:27+00:00","twitter_card":"summary_large_image","twitter_misc":{"Gesch\u00e4tzte Lesezeit":"1\u00a0Minute"},"schema":{"@context":"https:\/\/schema.org","@graph":[{"@type":"WebPage","@id":"https:\/\/tarpanhof-moorriem.de\/?page_id=84","url":"https:\/\/tarpanhof-moorriem.de\/?page_id=84","name":"Die R\u00fcckz\u00fcchtung - Tarpanhof Moorriem","isPartOf":{"@id":"https:\/\/tarpanhof-moorriem.de\/#website"},"datePublished":"2020-05-25T16:19:29+00:00","dateModified":"2020-05-29T18:37:27+00:00","breadcrumb":{"@id":"https:\/\/tarpanhof-moorriem.de\/?page_id=84#breadcrumb"},"inLanguage":"de","potentialAction":[{"@type":"ReadAction","target":["https:\/\/tarpanhof-moorriem.de\/?page_id=84"]}]},{"@type":"BreadcrumbList","@id":"https:\/\/tarpanhof-moorriem.de\/?page_id=84#breadcrumb","itemListElement":[{"@type":"ListItem","position":1,"name":"Startseite","item":"https:\/\/tarpanhof-moorriem.de\/"},{"@type":"ListItem","position":2,"name":"Die R\u00fcckz\u00fcchtung"}]},{"@type":"WebSite","@id":"https:\/\/tarpanhof-moorriem.de\/#website","url":"https:\/\/tarpanhof-moorriem.de\/","name":"Tarpanhof Moorriem","description":"Ihr Anprechpartner f\u00fcr die Tarpanzucht und -haltung!","potentialAction":[{"@type":"SearchAction","target":{"@type":"EntryPoint","urlTemplate":"https:\/\/tarpanhof-moorriem.de\/?s={search_term_string}"},"query-input":"required name=search_term_string"}],"inLanguage":"de"}]}},"jetpack_sharing_enabled":true,"_links":{"self":[{"href":"https:\/\/tarpanhof-moorriem.de\/index.php?rest_route=\/wp\/v2\/pages\/84"}],"collection":[{"href":"https:\/\/tarpanhof-moorriem.de\/index.php?rest_route=\/wp\/v2\/pages"}],"about":[{"href":"https:\/\/tarpanhof-moorriem.de\/index.php?rest_route=\/wp\/v2\/types\/page"}],"author":[{"embeddable":true,"href":"https:\/\/tarpanhof-moorriem.de\/index.php?rest_route=\/wp\/v2\/users\/1"}],"replies":[{"embeddable":true,"href":"https:\/\/tarpanhof-moorriem.de\/index.php?rest_route=%2Fwp%2Fv2%2Fcomments&post=84"}],"version-history":[{"count":8,"href":"https:\/\/tarpanhof-moorriem.de\/index.php?rest_route=\/wp\/v2\/pages\/84\/revisions"}],"predecessor-version":[{"id":176,"href":"https:\/\/tarpanhof-moorriem.de\/index.php?rest_route=\/wp\/v2\/pages\/84\/revisions\/176"}],"wp:attachment":[{"href":"https:\/\/tarpanhof-moorriem.de\/index.php?rest_route=%2Fwp%2Fv2%2Fmedia&parent=84"}],"curies":[{"name":"wp","href":"https:\/\/api.w.org\/{rel}","templated":true}]}}